1
Calculate the greatest common divisor of 72 and 175722.
6
Calculate the greatest common divisor of 36 and 124506.
18
What is the highest common divisor of 28182 and 6?
6
Calculate the greatest common divisor of 332560 and 80.
80
What is the highest common factor of 15725 and 17425?
425
What is the highest common factor of 10472 and 69496?
952
Calculate the highest common divisor of 4173 and 5447.
13
What is the highest common factor of 23 and 369932?
23
What is the highest common divisor of 208638 and 6432?
402
Calculate the highest common factor of 1084049 and 2578.
1289
What is the highest common divisor of 30 and 44535?
15
What is the highest common factor of 3623590 and 31?
31
Calculate the greatest common divisor of 611569 and 147.
49
Calculate the greatest common divisor of 25025 and 1456.
91
Calculate the highest common divisor of 26 and 1032980.
26
Calculate the highest common divisor of 2068 and 173.
1
Calculate the greatest common factor of 265917 and 1370.
137
What is the greatest common factor of 2040192 and 660?
132
What is the highest common factor of 16121 and 611?
47
What is the greatest common factor of 386 and 7334?
386
Calculate the greatest common factor of 2117214 and 204.
102
What is the greatest common divisor of 4110 and 12741?
411
What is the greatest common factor of 324 and 7212?
12
Calculate the highest common divisor of 16 and 30428.
4
Calculate the greatest common divisor of 208 and 11.
1
What is the greatest common divisor of 274359 and 12?
3
What is the greatest common factor of 8672 and 288?
32
Calculate the greatest common divisor of 107712 and 1462.
34
Calculate the greatest common divisor of 12 and 1396.
4
What is the greatest common divisor of 242 and 499356?
22
What is the greatest common divisor of 22 and 98109?
11
Calculate the greatest common divisor of 245148 and 33.
3
Calculate the highest common divisor of 29157 and 9.
3
Calculate the greatest common factor of 13596 and 32136.
1236
Calculate the greatest common factor of 1305 and 3480.
435
Calculate the highest common divisor of 1425 and 1143135.
285
What is the greatest common divisor of 551 and 128630?
19
Calculate the highest common factor of 117492 and 60.
12
Calculate the highest common divisor of 1476 and 434.
2
Calculate the highest common divisor of 77758 and 646.
34
What is the highest common factor of 4336154 and 908?
454
Calculate the highest common divisor of 29772 and 300.
12
What is the highest common factor of 5185 and 935?
85
Calculate the highest common factor of 84 and 1167684.
84
What is the greatest common divisor of 185 and 2371885?
185
Calculate the greatest common factor of 2710 and 610.
10
Calculate the highest common divisor of 510 and 259998.
102
Calculate the highest common divisor of 345200 and 10400.
400
What is the greatest common factor of 28449 and 2349?
261
What is the greatest common divisor of 259 and 1145039?
259
What is the highest common factor of 812 and 408639?
203
What is the greatest common factor of 10044 and 620?
124
What is the greatest common factor of 230 and 242390?
10
Calculate the highest common factor of 3078 and 4455.
81
Calculate the highest common factor of 216 and 162072.
72
Calculate the highest common divisor of 5523 and 5901.
21
Calculate the greatest common factor of 1022192 and 928.
464
What is the greatest common factor of 3127 and 3953?
59
What is the greatest common factor of 2138004 and 792?
396
What is the highest common divisor of 77425 and 1425?
475
Calculate the highest common factor of 852 and 6240.
12
What is the greatest common divisor of 1778 and 812?
14
What is the greatest common divisor of 29755 and 6215?
55
Calculate the greatest common factor of 2592 and 141408.
288
What is the greatest common divisor of 434 and 11935?
217
What is the greatest common factor of 360 and 684630?
90
What is the greatest common divisor of 230039 and 5489?
499
Calculate the greatest common factor of 3939 and 1064843.
1313
Calculate the greatest common factor of 175740 and 20.
20
What is the highest common factor of 311772 and 12?
12
Calculate the greatest common factor of 24058 and 1242.
46
Calculate the greatest common divisor of 2769 and 453.
3
Calculate the highest common divisor of 2836054 and 52.
26
Calculate the highest common divisor of 2035 and 45320.
55
Calculate the greatest common divisor of 315884 and 20.
4
What is the greatest common divisor of 5454 and 6161?
101
Calculate the highest common factor of 84 and 11724.
12
What is the highest common divisor of 369 and 20910?
123
Calculate the highest common factor of 511 and 567.
7
Calculate the greatest common divisor of 46620 and 180.
180
What is the highest common divisor of 1712 and 34561?
107
What is the greatest common divisor of 252 and 168273?
63
Calculate the highest common factor of 1762908 and 31248.
2604
What is the greatest common divisor of 132984 and 756?
36
What is the highest common divisor of 13801 and 373?
373
What is the greatest common factor of 873770 and 230?
230
Calculate the greatest common divisor of 5123 and 987.
47
Calculate the greatest common factor of 46190 and 1240.
310
What is the highest common divisor of 4883 and 20817?
257
Calculate the highest common factor of 178893 and 11.
11
What is the highest common factor of 72 and 356448?
24
What is the highest common divisor of 106584 and 36?
12
Calculate the greatest common factor of 268842 and 63.
21
What is the highest common factor of 560 and 13328?
112
What is the greatest common factor of 189 and 92799?
189
Calculate the greatest common divisor of 29640 and 28405.
1235
Calculate the greatest common factor of 73841 and 164.
41
What is the highest common factor of 27378 and 36?
18
What is the greatest common factor of 1488 and 1343168?
496
Calculate the greatest common divisor of 469000 and 67.
67
What is the highest common divisor of 39881 and 8417?
19
Calculate the greatest common factor of 125 and 32.
1
What is the greatest common divisor of 20638 and 816?
34
What is the greatest common factor of 332430 and 210?
210
Calculate the highest common factor of 3399 and 2607.
33
What is the greatest common divisor of 19191 and 9?
3
What is the highest common factor of 8 and 25224?
8
Calculate the greatest common divisor of 5688 and 37209.
237
Calculate the highest common factor of 4401 and 6939.
27
What is the highest common factor of 22 and 150458?
22
Calculate the greatest common divisor of 2028 and 3060.
12
Calculate the highest common divisor of 345626 and 7442.
122
What is the highest common divisor of 72789 and 456?
57
Calculate the highest common factor of 421367 and 211.
211
What is the greatest common divisor of 15447 and 300810?
813
Calculate the highest common factor of 136 and 211684.
68
What is the greatest common factor of 844 and 189689?
211
Calculate the highest common divisor of 511 and 70.
7
Calculate the greatest common factor of 560 and 1936.
16
Calculate the greatest common divisor of 1482 and 342.
114
What is the highest common divisor of 10577 and 231?
7
Calculate the greatest common factor of 26571 and 51.
51
What is the greatest common factor of 71361 and 99?
9
What is the greatest common divisor of 15602 and 2929?
29
Calculate the greatest common factor of 70 and 206500.
70
Calculate the greatest common factor of 124110 and 756.
126
What is the highest common factor of 294364 and 28?
28
What is the greatest common divisor of 85 and 13234415?
85
Calculate the highest common divisor of 472765 and 115.
115
What is the greatest common factor of 300 and 14340?
60
What is the greatest common factor of 3420 and 15846?
114
What is the greatest common factor of 1089590 and 10?
10
Calculate the greatest common divisor of 770 and 113890.
70
What is the highest common factor of 13292 and 2?
2
What is the greatest common factor of 1862 and 56?
14
Calculate the greatest common divisor of 93714 and 42.
6
Calculate the highest common factor of 2540 and 25.
5
What is the greatest common divisor of 1064 and 5432?
56
What is the highest common factor of 784 and 14944?
16
What is the highest common divisor of 50 and 2849650?
50
What is the greatest common factor of 247 and 160342?
13
Calculate the greatest common divisor of 27 and 7617.
3
What is th